actor of 780 and 580?
20
Calculate the greatest common divisor of 5 and 11765.
5
What is the greatest common divisor of 21 and 2?
1
What is the greatest common factor of 123 and 6?
3
What is the highest common factor of 34 and 646?
34
What is the greatest common divisor of 6075 and 135?
135
Calculate the highest common factor of 22 and 1034.
22
What is the highest common divisor of 14 and 224?
14
What is the highest common divisor of 44 and 12364?
44
What is the highest common factor of 4 and 732?
4
What is the highest common divisor of 407 and 77?
11
What is the greatest common factor of 22 and 781?
11
Calculate the highest common divisor of 8 and 72.
8
Calculate the greatest common divisor of 4023 and 27.
27
What is the highest common factor of 80 and 4180?
20
Calculate the highest common factor of 1054 and 34.
34
Calculate the greatest common factor of 56 and 140.
28
Calculate the greatest common factor of 530 and 10.
10
Calculate the highest common factor of 3150 and 18.
18
Calculate the greatest common factor of 496 and 432.
16
What is the highest common factor of 13538 and 14?
14
Calculate the greatest common factor of 74 and 111.
37
What is the highest common divisor of 74 and 1369?
37
Calculate the highest common factor of 23 and 4.
1
What is the greatest common factor of 1380 and 960?
60
What is the highest common divisor of 12 and 4404?
12
What is the highest common divisor of 81 and 5184?
81
What is the greatest common divisor of 2928 and 120?
24
Calculate the highest common factor of 30 and 768.
6
What is the highest common divisor of 804 and 24?
12
Calculate the highest common divisor of 1056 and 1632.
96
What is the highest common factor of 235 and 47?
47
Calculate the greatest common divisor of 608 and 32.
32
What is the greatest common factor of 4544 and 64?
64
Calculate the greatest common factor of 25263 and 21.
21
What is the highest common factor of 2548 and 52?
52
Calculate the greatest common divisor of 25 and 175.
25
What is the highest common factor of 115 and 2323?
23
Calculate the greatest common factor of 57804 and 12.
12
What is the greatest common divisor of 255 and 867?
51
What is the highest common factor of 1457 and 47?
47
What is the highest common divisor of 550 and 3410?
110
What is the greatest common factor of 70 and 1720?
10
Calculate the highest common divisor of 26 and 871.
13
Calculate the highest common factor of 16 and 1860.
4
Calculate the greatest common factor of 741 and 228.
57
Calculate the greatest common divisor of 296 and 16.
8
Calculate the highest common factor of 37184 and 112.
112
What is the highest common factor of 129 and 6?
3
Calculate the greatest common factor of 10 and 25.
5
What is the greatest common factor of 40 and 7048?
8
Calculate the highest common divisor of 2108 and 68.
68
What is the greatest common factor of 437 and 57?
19
What is the highest common factor of 48 and 368?
16
What is the highest common factor of 8 and 488?
8
What is the highest common factor of 459 and 867?
51
Calculate the highest common factor of 2684 and 22.
22
What is the greatest common factor of 19 and 361?
19
Calculate the highest common factor of 518 and 1406.
74
Calculate the greatest common divisor of 75 and 1725.
75
What is the highest common divisor of 26 and 21775?
13
Calculate the highest common factor of 609 and 21.
21
Calculate the greatest common divisor of 1510 and 20.
10
Calculate the highest common factor of 22 and 2409.
11
What is the highest common factor of 51 and 18054?
51
Calculate the highest common divisor of 11403 and 63.
63
Calculate the greatest common factor of 304 and 57.
19
What is the greatest common factor of 6419 and 49?
49
What is the highest common factor of 10 and 178?
2
What is the greatest common factor of 228 and 48?
12
Calculate the highest common factor of 74 and 407.
37
What is the greatest common factor of 231 and 2926?
77
Calculate the highest common factor of 11 and 78727.
11
Calculate the greatest common factor of 27 and 387.
9
Calculate the greatest common divisor of 49 and 147.
49
Calculate the greatest common divisor of 124 and 620.
124
Calculate the highest common divisor of 6 and 246.
6
Calculate the greatest common factor of 88 and 512.
8
Calculate the greatest common divisor of 104 and 1352.
104
Calculate the greatest common factor of 3520 and 110.
110
What is the greatest common divisor of 86500 and 100?
100
Calculate the highest common divisor of 341 and 3503.
31
Calculate the highest common divisor of 8 and 1382.
2
Calculate the highest common factor of 7992 and 111.
111
What is the greatest common divisor of 168 and 147?
21
Calculate the highest common factor of 133 and 3952.
19
What is the greatest common divisor of 86 and 16426?
86
What is the highest common factor of 3959 and 214?
107
What is the highest common factor of 4100 and 164?
164
What is the greatest common divisor of 20661 and 284?
71
Calculate the highest common divisor of 1316 and 84.
28
What is the greatest common factor of 65 and 208?
13
Calculate the greatest common divisor of 58 and 87.
29
Calculate the greatest common divisor of 6160 and 660.
220
Calculate the greatest common divisor of 165206 and 86.
86
What is the highest common divisor of 512 and 48?
16
Calculate the highest common divisor of 216 and 32.
8
Calculate the highest common divisor of 15 and 2190.
15
What is the greatest common divisor of 867 and 51?
51
What is the highest common divisor of 100 and 22150?
50
What is the highest common factor of 108 and 135?
27
What is the highest common factor of 483 and 567?
21
What is the greatest common factor of 483 and 1311?
69
What is the highest common factor of 329 and 21?
7
Calculate the greatest common divisor of 46 and 5198.
46
What is the greatest common divisor of 1363 and 47?
47
What is the highest common divisor of 148 and 324?
4
Calculate the highest common divisor of 1275 and 5.
5
Calculate the greatest common divisor of 2353 and 39.
13
Calculate the highest common divisor of 190 and 114.
38
What is the greatest common factor of 4225 and 25?
25
What is the highest common divisor of 1271 and 164?
41
What is the greatest common divisor of 28 and 1554?
14
What is the highest common factor of 7254 and 93?
93
What is the greatest common factor of 867 and 4624?
289
Calculate the highest common divisor of 93 and 248.
31
Calculate the greatest common divisor of 175 and 70.
35
What is the greatest common factor of 12 and 42?
6
Calculate the greatest common divisor of 32 and 464.
16
Calculate the highest common factor of 49 and 1323.
49
What is the highest common factor of 30 and 225?
15
Calculate the greatest common divisor of 1276 and 7975.
319
What is the highest common factor of 1496 and 88?
88
What is the highest common divisor of 246 and 66?
6
Calculate the highest common divisor of 1963 and 13.
13
Calculate the greatest common factor of 248 and 93.
31
Calculate the highest common factor of 517 and 47.
47
Calculate the greatest common divisor of 24 and 126.
6
What is the greatest common divisor of 15688 and 1696?
424
What is the highest common divisor of 26 and 715?
13
What is the highest common divisor of 26 and 50?
2
Calculate the greatest common factor of 770 and 2.
2
What is the greatest common factor of 4430 and 80?
10
Calculate the highest common factor of 2 and 667.
1
What is the highest common factor of 11 and 7447?
11
Calculate the highest common divisor of 37 and 1813.
37
What is the greatest common divisor of 162 and 10746?
54
Calculate the greatest common factor of 8 and 84.
4
What is the greatest common divisor of 2489 and 393?
131
Calculate the highest common factor of 217 and 63.
7
Calculate the greatest common divisor of 7601 and 11.
11
Calculate the greatest common divisor of 372 and 24.
12
Calculate the greatest common divisor of 1357 and 118.
59
What is the greatest common factor of 30 and 6190?
10
Calculate the highest common divisor of 8 and 5112.
8
What is the greatest common factor of 768 and 992?
32
Calculate the greatest common factor of 144 and 117.
9
Calculate the greatest common factor of 338 and 6.
2
What is the highest common divisor of 14352 and 12?
12
Calculate the greatest common factor of 144 and 696.
24
What is the greatest commo